{"id":90,"date":"2020-07-31T10:58:38","date_gmt":"2020-07-31T08:58:38","guid":{"rendered":"https:\/\/erpie-sasu.eu\/?page_id=90"},"modified":"2020-12-21T12:43:26","modified_gmt":"2020-12-21T11:43:26","slug":"mentions-legales","status":"publish","type":"page","link":"https:\/\/erpie-sasu.eu\/index.php\/mentions-legales\/","title":{"rendered":"Mentions l\u00e9gales"},"content":{"rendered":"\n<h1 class=\"wp-block-heading\"><\/h1>\n\n\n\n<h3 class=\"wp-block-heading\"><strong>\u00c9diteur :<\/strong><\/h3>\n\n\n\n<p>M. Expedit ROBERT<br>ERPIE SASU<br>92, avenue de la lib\u00e9ration<br>29000 QUIMPER<br><strong>Siret : 74984386800011<br><\/strong><\/p>\n\n\n\n<h3 class=\"wp-block-heading\"><strong>Chef de Projet :<\/strong><br><strong>Digital Ouest<\/strong><\/h3>\n\n\n\n<p>Pierre-Olivier MOY<br>116 bis Coat Canton \u2013 29140 Rosporden<br>T\u00e9l : 07 62 68 05 52<br>Site web : <a href=\"http:\/\/www.digital-ouest.bzh\/\">www.digital-ouest.bzh<\/a><br>Email : <a href=\"https:\/\/fouesnant-auto-import.fr\/mentions-legales\/direction@digital-ouest.bzh\">direction@digital-ouest.bzh<\/a><\/p>\n\n\n\n<h3 class=\"wp-block-heading\">Responsable de la publication :<\/h3>\n\n\n\n<p>M. Expedit ROBERT<br>ERPIE SASU<br>92, avenue de la lib\u00e9ration<br>29000 QUIMPER<\/p>\n\n\n\n<p><\/p>\n\n\n\n<h3 class=\"wp-block-heading\">H\u00e9bergement :<br>OVH<br>SAS au capital de 10&nbsp;069&nbsp;020&nbsp;\u20ac<\/h3>\n\n\n\n<p>RCS Lille M\u00e9tropole 424 761 419 00045<br>Code APE 2620Z<br>N\u00b0 TVA : FR 22 424 761 419<br>Si\u00e8ge social : 2 rue Kellermann \u2013 59100 Roubaix \u2013 France.<br>Directeur de la publication : Octave KLABA<\/p>\n\n\n\n<h3 class=\"wp-block-heading\">Informations l\u00e9gales :<\/h3>\n\n\n\n<p>Informations relatives au traitement des r\u00e9clamations<\/p>\n\n\n\n<p>En cas de litige ou de r\u00e9clamation du client, les parties contractantes s\u2019engagent \u00e0 rechercher en premier lieu un arrangement amiable.<br>Le client pourra pr\u00e9senter sa r\u00e9clamation \u00e0 l\u2019adresse du cabinet, \u00e0 son conseiller ou gestionnaire habituel qui disposera de 10 jours pour en accuser r\u00e9ception, puis de 2 mois \u00e0 compter de la r\u00e9ception de la r\u00e9clamation pour y r\u00e9pondre.<br><\/p>\n\n\n\n<h4 class=\"wp-block-heading\">DROITS D\u2019AUTEUR ET COPYRIGHT :<\/h4>\n\n\n\n<p>Cr\u00e9dits photos : Shuterstock \u2013 Erpie<\/p>\n\n\n\n<p>L\u2019ensemble de ce site rel\u00e8ve de la l\u00e9gislation fran\u00e7aise et internationale sur le droit d\u2019auteur et la propri\u00e9t\u00e9 intellectuelle. Tous droits de reproduction sont r\u00e9serv\u00e9s, y compris pour les documents photographiques.<br>La reproduction de tout ou partie de ce site sur un support \u00e9lectronique quel qu\u2019il soit est formellement interdite sauf autorisation expresse du directeur de la publication.<br>Pour d\u2019autres utilisations, merci de nous consulter.<\/p>\n\n\n\n<h4 class=\"wp-block-heading\">INFORMATIQUE ET LIBERT\u00c9 :<\/h4>\n\n\n\n<p>Le droit d\u2019acc\u00e8s, de modification, de rectification et de suppression des donn\u00e9es qui vous concernent (article 34 de la loi 78-17 du 6 janvier 1978 relative \u00e0 l\u2019informatique, aux fichiers et aux libert\u00e9s) s\u2019exerce aupr\u00e8s du Responsable de la publication.<\/p>\n","protected":false},"excerpt":{"rendered":"<p>\u00c9diteur : M. Expedit ROBERTERPIE SASU92, avenue de la lib\u00e9ration29000 QUIMPERSiret : 74984386800011 Chef de Projet :Digital Ouest Pierre-Olivier MOY116 bis Coat Canton \u2013 29140 RospordenT\u00e9l : 07 62 68 05 52Site web : www.digital-ouest.bzhEmail : direction@digital-ouest.bzh Responsable de la publication : M. Expedit ROBERTERPIE SASU92, avenue de la lib\u00e9ration29000 QUIMPER H\u00e9bergement :OVHSAS au capital [&#8230;]\n","protected":false},"author":1,"featured_media":0,"parent":0,"menu_order":0,"comment_status":"closed","ping_status":"closed","template":"","meta":{"_monsterinsights_skip_tracking":false,"_monsterinsights_sitenote_active":false,"_monsterinsights_sitenote_note":"","_monsterinsights_sitenote_category":0,"footnotes":""},"class_list":["post-90","page","type-page","status-publish","hentry"],"yoast_head":"<!-- This site is optimized with the Yoast SEO plugin v25.4 - https:\/\/yoast.com\/wordpress\/plugins\/seo\/ -->\n<title>Mentions l\u00e9gales - ERPIE Entreprise r\u00e9novation peinture industrielle europ\u00e9enne<\/title>\n<meta name=\"description\" content=\"Voici les mentions l\u00e9gales de ERPIE\" \/>\n<meta name=\"robots\" content=\"index, follow, max-snippet:-1, max-image-preview:large, max-video-preview:-1\" \/>\n<link rel=\"canonical\" href=\"https:\/\/erpie-sasu.eu\/index.php\/mentions-legales\/\" \/>\n<meta property=\"og:locale\" content=\"fr_FR\" \/>\n<meta property=\"og:type\" content=\"article\" \/>\n<meta property=\"og:title\" content=\"Mentions l\u00e9gales - ERPIE Entreprise r\u00e9novation peinture industrielle europ\u00e9enne\" \/>\n<meta property=\"og:description\" content=\"Voici les mentions l\u00e9gales de ERPIE\" \/>\n<meta property=\"og:url\" content=\"https:\/\/erpie-sasu.eu\/index.php\/mentions-legales\/\" \/>\n<meta property=\"og:site_name\" content=\"ERPIE Entreprise r\u00e9novation peinture industrielle europ\u00e9enne\" \/>\n<meta property=\"article:modified_time\" content=\"2020-12-21T11:43:26+00:00\" \/>\n<meta name=\"twitter:card\" content=\"summary_large_image\" \/>\n<meta name=\"twitter:label1\" content=\"Dur\u00e9e de lecture estim\u00e9e\" \/>\n\t<meta name=\"twitter:data1\" content=\"1 minute\" \/>\n<script type=\"application\/ld+json\" class=\"yoast-schema-graph\">{\"@context\":\"https:\/\/schema.org\",\"@graph\":[{\"@type\":\"WebPage\",\"@id\":\"https:\/\/erpie-sasu.eu\/index.php\/mentions-legales\/\",\"url\":\"https:\/\/erpie-sasu.eu\/index.php\/mentions-legales\/\",\"name\":\"Mentions l\u00e9gales - ERPIE Entreprise r\u00e9novation peinture industrielle europ\u00e9enne\",\"isPartOf\":{\"@id\":\"https:\/\/erpie-sasu.eu\/#website\"},\"datePublished\":\"2020-07-31T08:58:38+00:00\",\"dateModified\":\"2020-12-21T11:43:26+00:00\",\"description\":\"Voici les mentions l\u00e9gales de ERPIE\",\"breadcrumb\":{\"@id\":\"https:\/\/erpie-sasu.eu\/index.php\/mentions-legales\/#breadcrumb\"},\"inLanguage\":\"fr-FR\",\"potentialAction\":[{\"@type\":\"ReadAction\",\"target\":[\"https:\/\/erpie-sasu.eu\/index.php\/mentions-legales\/\"]}]},{\"@type\":\"BreadcrumbList\",\"@id\":\"https:\/\/erpie-sasu.eu\/index.php\/mentions-legales\/#breadcrumb\",\"itemListElement\":[{\"@type\":\"ListItem\",\"position\":1,\"name\":\"Accueil\",\"item\":\"https:\/\/erpie-sasu.eu\/\"},{\"@type\":\"ListItem\",\"position\":2,\"name\":\"Mentions l\u00e9gales\"}]},{\"@type\":\"WebSite\",\"@id\":\"https:\/\/erpie-sasu.eu\/#website\",\"url\":\"https:\/\/erpie-sasu.eu\/\",\"name\":\"ERPIE Entreprise r\u00e9novation peinture industrielle europ\u00e9enne\",\"description\":\"\",\"potentialAction\":[{\"@type\":\"SearchAction\",\"target\":{\"@type\":\"EntryPoint\",\"urlTemplate\":\"https:\/\/erpie-sasu.eu\/?s={search_term_string}\"},\"query-input\":{\"@type\":\"PropertyValueSpecification\",\"valueRequired\":true,\"valueName\":\"search_term_string\"}}],\"inLanguage\":\"fr-FR\"}]}<\/script>\n<!-- \/ Yoast SEO plugin. -->","yoast_head_json":{"title":"Mentions l\u00e9gales - ERPIE Entreprise r\u00e9novation peinture industrielle europ\u00e9enne","description":"Voici les mentions l\u00e9gales de ERPIE","robots":{"index":"index","follow":"follow","max-snippet":"max-snippet:-1","max-image-preview":"max-image-preview:large","max-video-preview":"max-video-preview:-1"},"canonical":"https:\/\/erpie-sasu.eu\/index.php\/mentions-legales\/","og_locale":"fr_FR","og_type":"article","og_title":"Mentions l\u00e9gales - ERPIE Entreprise r\u00e9novation peinture industrielle europ\u00e9enne","og_description":"Voici les mentions l\u00e9gales de ERPIE","og_url":"https:\/\/erpie-sasu.eu\/index.php\/mentions-legales\/","og_site_name":"ERPIE Entreprise r\u00e9novation peinture industrielle europ\u00e9enne","article_modified_time":"2020-12-21T11:43:26+00:00","twitter_card":"summary_large_image","twitter_misc":{"Dur\u00e9e de lecture estim\u00e9e":"1 minute"},"schema":{"@context":"https:\/\/schema.org","@graph":[{"@type":"WebPage","@id":"https:\/\/erpie-sasu.eu\/index.php\/mentions-legales\/","url":"https:\/\/erpie-sasu.eu\/index.php\/mentions-legales\/","name":"Mentions l\u00e9gales - ERPIE Entreprise r\u00e9novation peinture industrielle europ\u00e9enne","isPartOf":{"@id":"https:\/\/erpie-sasu.eu\/#website"},"datePublished":"2020-07-31T08:58:38+00:00","dateModified":"2020-12-21T11:43:26+00:00","description":"Voici les mentions l\u00e9gales de ERPIE","breadcrumb":{"@id":"https:\/\/erpie-sasu.eu\/index.php\/mentions-legales\/#breadcrumb"},"inLanguage":"fr-FR","potentialAction":[{"@type":"ReadAction","target":["https:\/\/erpie-sasu.eu\/index.php\/mentions-legales\/"]}]},{"@type":"BreadcrumbList","@id":"https:\/\/erpie-sasu.eu\/index.php\/mentions-legales\/#breadcrumb","itemListElement":[{"@type":"ListItem","position":1,"name":"Accueil","item":"https:\/\/erpie-sasu.eu\/"},{"@type":"ListItem","position":2,"name":"Mentions l\u00e9gales"}]},{"@type":"WebSite","@id":"https:\/\/erpie-sasu.eu\/#website","url":"https:\/\/erpie-sasu.eu\/","name":"ERPIE Entreprise r\u00e9novation peinture industrielle europ\u00e9enne","description":"","potentialAction":[{"@type":"SearchAction","target":{"@type":"EntryPoint","urlTemplate":"https:\/\/erpie-sasu.eu\/?s={search_term_string}"},"query-input":{"@type":"PropertyValueSpecification","valueRequired":true,"valueName":"search_term_string"}}],"inLanguage":"fr-FR"}]}},"_links":{"self":[{"href":"https:\/\/erpie-sasu.eu\/index.php\/wp-json\/wp\/v2\/pages\/90","targetHints":{"allow":["GET"]}}],"collection":[{"href":"https:\/\/erpie-sasu.eu\/index.php\/wp-json\/wp\/v2\/pages"}],"about":[{"href":"https:\/\/erpie-sasu.eu\/index.php\/wp-json\/wp\/v2\/types\/page"}],"author":[{"embeddable":true,"href":"https:\/\/erpie-sasu.eu\/index.php\/wp-json\/wp\/v2\/users\/1"}],"replies":[{"embeddable":true,"href":"https:\/\/erpie-sasu.eu\/index.php\/wp-json\/wp\/v2\/comments?post=90"}],"version-history":[{"count":1,"href":"https:\/\/erpie-sasu.eu\/index.php\/wp-json\/wp\/v2\/pages\/90\/revisions"}],"predecessor-version":[{"id":91,"href":"https:\/\/erpie-sasu.eu\/index.php\/wp-json\/wp\/v2\/pages\/90\/revisions\/91"}],"wp:attachment":[{"href":"https:\/\/erpie-sasu.eu\/index.php\/wp-json\/wp\/v2\/media?parent=90"}],"curies":[{"name":"wp","href":"https:\/\/api.w.org\/{rel}","templated":true}]}}